ctor of 29723?
False
Is 1960 a multiple of 40?
True
Does 8 divide 27876?
False
Is 52 a factor of 954?
False
Is 12 a multiple of 12?
True
Is 36 a factor of 6792?
False
Is 112 a factor of 336?
True
Does 8 divide 152?
True
Does 4 divide 2323?
False
Is 86 a factor of 25026?
True
Is 1742 a multiple of 13?
True
Does 50 divide 7750?
True
Is 33 a factor of 1242?
False
Is 1155 a multiple of 5?
True
Is 76 a factor of 18772?
True
Does 7 divide 14189?
True
Is 25 a factor of 5675?
True
Is 24 a factor of 2097?
False
Is 5832 a multiple of 16?
False
Is 10 a factor of 1280?
True
Does 31 divide 2861?
False
Is 71 a factor of 5272?
False
Is 72 a factor of 7375?
False
Is 18 a factor of 3996?
True
Is 11 a factor of 550?
True
Does 86 divide 946?
True
Does 21 divide 25318?
False
Is 696 a multiple of 8?
True
Is 979 a multiple of 89?
True
Is 21 a factor of 949?
False
Is 9 a factor of 34209?
True
Is 24 a factor of 4800?
True
Does 14 divide 546?
True
Is 5584 a multiple of 16?
True
Is 3829 a multiple of 111?
False
Is 9 a factor of 10386?
True
Is 5 a factor of 556?
False
Does 93 divide 33742?
False
Is 8 a factor of 1478?
False
Is 9878 a multiple of 22?
True
Does 289 divide 32079?
True
Is 33 a factor of 1551?
True
Is 7 a factor of 9842?
True
Is 30 a factor of 57960?
True
Is 52425 a multiple of 15?
True
Is 4806 a multiple of 9?
True
Does 233 divide 9087?
True
Does 11 divide 320?
False
Is 12 a factor of 48?
True
Is 1296 a multiple of 108?
True
Is 25 a factor of 1495?
False
Does 145 divide 6090?
True
Is 1992 a multiple of 6?
True
Is 545 a multiple of 5?
True
Does 7 divide 27?
False
Is 9 a factor of 72?
True
Is 17 a factor of 89845?
True
Is 20 a factor of 156?
False
Does 281 divide 162137?
True
Is 16 a factor of 496?
True
Is 3411 a multiple of 10?
False
Is 44 a factor of 1672?
True
Is 315 a multiple of 17?
False
Does 10 divide 10630?
True
Does 167 divide 88343?
True
Is 1386 a multiple of 14?
True
Is 1166 a multiple of 75?
False
Is 108730 a multiple of 415?
True
Does 13 divide 741?
True
Is 11148 a multiple of 3?
True
Is 1556 a multiple of 16?
False
Is 1917 a multiple of 17?
False
Is 10 a factor of 380?
True
Does 38 divide 12844?
True
Is 7 a factor of 1316?
True
Is 4800 a multiple of 40?
True
Is 12309 a multiple of 11?
True
Is 26 a factor of 1066?
True
Is 83 a factor of 77190?
True
Does 52 divide 4076?
False
Is 4 a factor of 940?
True
Does 39 divide 3087?
False
Is 43123 a multiple of 30?
False
Is 164 a factor of 54120?
True
Is 912 a multiple of 26?
False
Is 84 a factor of 6720?
True
Is 28 a factor of 2072?
True
Does 43 divide 294?
False
Is 47 a factor of 26226?
True
Is 37 a factor of 2331?
True
Does 2 divide 248?
True
Is 720 a multiple of 24?
True
Is 4553 a multiple of 96?
False
Is 17424 a multiple of 66?
True
Is 23 a factor of 228?
False
Does 3 divide 400?
False
Is 11008 a multiple of 226?
False
Is 1034 a multiple of 7?
False
Is 5155 a multiple of 64?
False
Is 8673 a multiple of 7?
True
Is 9 a factor of 362?
False
Is 39762 a multiple of 19?
False
Does 21 divide 6158?
False
Is 725 a multiple of 20?
False
Does 4 divide 116?
True
Does 6 divide 19986?
True
Does 19 divide 285?
True
Does 7 divide 38?
False
Is 11 a factor of 44?
True
Is 50 a factor of 1402?
False
Is 8 a factor of 1671?
False
Is 7 a factor of 282?
False
Is 1087 a multiple of 9?
False
Is 20 a factor of 43808?
False
Is 3491 a multiple of 9?
False
Is 3575 a multiple of 28?
False
Does 221 divide 12996?
False
Is 33 a factor of 759?
True
Is 10 a factor of 1503?
False
Is 36 a factor of 6120?
True
Is 5 a factor of 600?
True
Does 181 divide 11202?
False
Is 5 a factor of 435?
True
Is 13137 a multiple of 19?
False
Is 26 a multiple of 18?
False
Is 183 a multiple of 72?
False
Is 3900 even?
True
Does 86 divide 11266?
True
Does 2 divide 3689?
False
Is 115 a factor of 4753?
False
Does 148 divide 7439?
False
Is 1447 a multiple of 27?
False
Is 88 a multiple of 6?
False
Is 9 a factor of 1630?
False
Is 4182 a multiple of 123?
True
Is 11102 a multiple of 14?
True
Is 16 a factor of 471?
False
Does 61 divide 8906?
True
Does 43 divide 86?
True
Does 234 divide 5476?
False
Is 37 a factor of 384?
False
Does 108 divide 972?
True
Does 104 divide 4066?
False
Is 8 a factor of 372?
False
Does 21 divide 10981?
False
Is 5867 a multiple of 50?
False
Is 260 a factor of 48620?
True
Does 63 divide 1404?
False
Does 85 divide 1039?
False
Is 72 a multiple of 28?
False
Does 22 divide 1716?
True
Is 1967 a multiple of 64?
False
Does 5 divide 3539?
False
Is 36 a factor of 12708?
True
Is 25363 a multiple of 13?
True
Is 639 a multiple of 71?
True
Is 9 a factor of 1026?
True
Is 2 a factor of 88?
True
Is 63 a factor of 816?
False
Is 14 a factor of 4329?
False
Does 14 divide 532?
True
Does 2 divide 2575?
False
Is 50 a factor of 1650?
True
Does 232 divide 14378?
False
Is 8472 a multiple of 8?
True
Is 1501 a multiple of 26?
False
Is 770 a multiple of 10?
True
Does 6 divide 98?
False
Is 4377 a multiple of 11?
False
Does 6 divide 269?
False
Is 4998 a multiple of 49?
True
Does 11 divide 1364?
True
Is 21 a factor of 20415?
False
Is 1410 a multiple of 6?
True
Is 12654 a multiple of 114?
True
Is 167 a factor of 45052?
False
Does 11 divide 3707?
True
Is 8 a factor of 347?
False
Is 144 a factor of 5866?
False
Does 7 divide 693?
True
Does 9 divide 1026?
True
Does 11 divide 1354?
False
Does 23 divide 465?
False
Is 8504 a multiple of 13?
False
Does 22 divide 5302?
True
Is 60 even?
True
Is 1269 a multiple of 27?
True
Is 19 a factor of 1425?
True
Does 2 divide 249?
False
Does 85 divide 11317?
False
Is 2450 a multiple of 49?
True
Is 35 a factor of 14875?
True
Does 22 divide 110?
True
Does 22 divide 11990?
True
Is 21 a factor of 14745?
False
Does 167 divide 6847?
True
Does 5 divide 5795?
True
Is 19 a factor of 570?
True
Is 12 a factor of 266?
False
Is 14069 a multiple of 99?
False
Does 63 divide 9009?
True
Is 9566 a multiple of 9?
False
Is 39 a multiple of 9?
False
Does 12 divide 20748?
True
Is 7 a factor of 2346?
False
Is 2058 a multiple of 98?
True
Does 28 divide 5012?
True
Does 44 divide 845?
False
Is 178 a multiple of 11?
False
Is 13 a factor of 7282?
False
Does 105 divide 597?
False
Is 228 a factor of 1023?
False
Is 160 a factor of 67240?
False
Is 114 a factor of 388?
False
Is 22 a factor of 380?
False
Does 49 divide 29674?
False
Is 30 a factor of 428?
False
Does 6 divide 74?
False
Is 6810 a multiple of 10?
True
Is 20 a factor of 1743?
False
Is 78 a factor of 2184?
True
Does 13 divide 195?
True
Does 41 divide 1230?
True
Is 4 a factor of 228?
True
Is 27940 a multiple of 10?
True
Is 20700 a multiple of 20?
True
Is 65 a factor of 16493?
False
Is 52728 a multiple of 12?
True
Is 12 a factor of 20571?
False
Does 61 divide 976?
True
Is 9953 a multiple of 29?
False
Is 34369 a multiple of 62?
False
Does 114 divide 27249?
False
Is 5620 a multiple of 30?
False
Does 16 divide 427?
False
Is 19 a factor of 230?
False
Is 1385 a multiple of 5?
True
Does 7 divide 567?
True
Is 4 a factor of 51?
False
Is 22 a factor of 462?
True
Is 50071 a multiple of 161?
True
Is 438 a multiple of 54?
False
Is 38901 a multiple of 39?
False
Is 31 a factor of 4850?
False
Does 42 divide 458?
False
Does 14 divide 32835?
False
Is 17263 a multiple of 283?
True
Is 375 a multiple of 8?
False
Is 4609 a multiple of 10?
False
Is 109 a factor of 8983?
False
Is 24 a factor of 360?
True
Is 25 a factor of 1117?
False
Is 57 a factor of 370?
False
Is 5772 a multiple of 39?
True
Is 7 a factor of 788?
False
Is 13 a factor of 5850?
True
Is 90 a factor of 4467?
False
Is 155 a factor of 1085?
True
Is 3996 a multiple of 8?
False
Is 8 a factor of 168?
True
Does 127 divide 254?
True
Is 430 a multiple of 62?
False
Is 134 a factor of 32294?
True
Is 2416 a multiple of 13?
False
Is 84 a factor of 8064?
True
Does 15 divide 7965?
True
Does 18 divide 67653?
False
Is 19 a factor of 4844?
False
Is 45 a factor of 21780?
True
Is 43 a factor of 35762?
False
Does 35 divide 700?
True
Is 428 a multiple of 10?
False
Is 36 a factor of 11319?
False
Is 7046 a multiple of 13?
True
Is 1250 a multiple of 28?
False
Does 81 divide 1734?
False
Is 3604 a multiple of 68?
True
Is 75 a factor of 1016?
False
Does 3 divide 6083?
False
Is 10083 a multiple of 65?
False
Is 440 a multiple of 5?
True
Is 1653 a multiple of 29?
True
Is 800 a multiple of 20?
True
Does 44 d